t the prime factors of 34224216.
2, 3, 13, 43, 2551
What are the prime factors of 6533933?
7, 17, 54907
What are the prime factors of 218186?
2, 127, 859
List the prime factors of 104844.
2, 3, 8737
What are the prime factors of 437250?
2, 3, 5, 11, 53
What are the prime factors of 1002284?
2, 127, 1973
List the prime factors of 9257234.
2, 7, 661231
List the prime factors of 1448060.
2, 5, 17, 4259
What are the prime factors of 624405?
3, 5, 41627
What are the prime factors of 1242935?
5, 248587
What are the prime factors of 296532?
2, 3, 8237
List the prime factors of 623236.
2, 155809
What are the prime factors of 461428?
2, 11, 10487
List the prime factors of 295840.
2, 5, 43
List the prime factors of 348027.
3, 116009
List the prime factors of 3006791.
3006791
What are the prime factors of 1009106?
2, 7, 1471
What are the prime factors of 2022116?
2, 17, 131, 227
List the prime factors of 4652333.
7, 664619
What are the prime factors of 92916?
2, 3, 29, 89
List the prime factors of 2049430.
2, 5, 29, 37, 191
What are the prime factors of 198815?
5, 17, 2339
What are the prime factors of 12747287?
7, 181, 10061
List the prime factors of 519135.
3, 5, 53, 653
What are the prime factors of 1234735?
5, 246947
What are the prime factors of 9672716?
2, 1217, 1987
What are the prime factors of 3499404?
2, 3, 23, 31, 409
What are the prime factors of 40867764?
2, 3, 7, 9929
What are the prime factors of 1548852?
2, 3, 337, 383
What are the prime factors of 15049983?
3, 13, 385897
List the prime factors of 772734.
2, 3, 29, 4441
What are the prime factors of 486410?
2, 5, 127, 383
List the prime factors of 19978253.
19, 373, 2819
What are the prime factors of 601982?
2, 29, 97, 107
What are the prime factors of 1010192?
2, 19, 3323
What are the prime factors of 10474128?
2, 3, 7, 10391
List the prime factors of 499288.
2, 139, 449
What are the prime factors of 1742255?
5, 348451
List the prime factors of 17767.
109, 163
What are the prime factors of 137712?
2, 3, 19, 151
What are the prime factors of 7107771?
3, 11, 43, 5009
What are the prime factors of 11089619?
443, 25033
What are the prime factors of 2606831?
17, 153343
List the prime factors of 8575496.
2, 1071937
List the prime factors of 3877930.
2, 5, 7, 55399
List the prime factors of 2901095.
5, 580219
What are the prime factors of 460591?
311, 1481
List the prime factors of 4337274.
2, 3, 797, 907
What are the prime factors of 2915814?
2, 3, 11, 44179
List the prime factors of 220275.
3, 5, 11, 89
List the prime factors of 1253563.
17, 19, 3881
List the prime factors of 3842088.
2, 3, 160087
List the prime factors of 9841422.
2, 3, 73, 22469
What are the prime factors of 4395835?
5, 879167
List the prime factors of 23074544.
2, 1442159
What are the prime factors of 78076?
2, 131, 149
List the prime factors of 277454.
2, 138727
List the prime factors of 348339.
3, 116113
List the prime factors of 19583825.
5, 593, 1321
What are the prime factors of 51378?
2, 3, 8563
List the prime factors of 1390769.
1069, 1301
List the prime factors of 597221.
597221
What are the prime factors of 13812347?
17, 812491
What are the prime factors of 691368?
2, 3, 28807
List the prime factors of 68578.
2, 17, 2017
List the prime factors of 13164615.
3, 5, 31, 9437
List the prime factors of 741978.
2, 3, 41221
List the prime factors of 298661.
11, 19, 1429
List the prime factors of 3199136.
2, 257, 389
What are the prime factors of 393958?
2, 17, 11587
What are the prime factors of 482246?
2, 103, 2341
What are the prime factors of 3156707?
131, 24097
What are the prime factors of 164188?
2, 41047
What are the prime factors of 389345?
5, 11, 7079
List the prime factors of 3974474.
2, 7, 313, 907
What are the prime factors of 32427?
3, 1201
List the prime factors of 1069917.
3, 379, 941
List the prime factors of 891963.
3, 23, 31, 139
List the prime factors of 1735739.
1735739
List the prime factors of 21727.
21727
List the prime factors of 30555725.
5, 1222229
List the prime factors of 33879314.
2, 7, 743, 3257
List the prime factors of 17221298.
2, 8610649
What are the prime factors of 641262?
2, 3, 106877
List the prime factors of 1511939.
11, 13, 97, 109
List the prime factors of 8975234.
2, 761, 5897
What are the prime factors of 503166?
2, 3, 17, 4933
What are the prime factors of 20910973?
1301, 16073
What are the prime factors of 22003867?
3469, 6343
What are the prime factors of 921583?
13, 70891
List the prime factors of 12543.
3, 37, 113
What are the prime factors of 3704689?
3704689
What are the prime factors of 906551?
41, 22111
List the prime factors of 14616107.
11, 17, 47, 1663
What are the prime factors of 145691?
7, 13, 1601
What are the prime factors of 20125194?
2, 3, 1787, 1877
What are the prime factors of 86388?
2, 3, 23, 313
List the prime factors of 145796.
2, 7, 41, 127
List the prime factors of 547026.
2, 3, 17, 31, 173
List the prime factors of 3254166.
2, 3, 347, 521
What are the prime factors of 699702?
2, 3, 277, 421
What are the prime factors of 199200?
2, 3, 5, 83
What are the prime factors of 347822?
2, 61, 2851
List the prime factors of 688678.
2, 149, 2311
List the prime factors of 750647.
173, 4339
What are the prime factors of 20372761?
29, 47, 14947
List the prime factors of 2924814.
2, 3, 487469
List the prime factors of 2148415.
5, 429683
List the prime factors of 219068.
2, 54767
List the prime factors of 10703143.
11, 953, 1021
What are the prime factors of 558985?
5, 7, 15971
List the prime factors of 3193827.
3, 7, 13, 11699
What are the prime factors of 136932?
2, 3, 11411
What are the prime factors of 634709?
634709
List the prime factors of 445340.
2, 5, 7, 3181
List the prime factors of 1492865.
5, 11, 27143
What are the prime factors of 1230184?
2, 367, 419
What are the prime factors of 49431?
3, 16477
What are the prime factors of 216330?
2, 3, 5, 7211
What are the prime factors of 19692672?
2, 3, 51283
List the prime factors of 1494391.
1494391
List the prime factors of 97603.
11, 19, 467
What are the prime factors of 152396?
2, 31, 1229
List the prime factors of 1418967.
3, 11, 1303
List the prime factors of 639026.
2, 41, 7793
List the prime factors of 156192.
2, 3, 1627
What are the prime factors of 526498?
2, 7, 37607
What are the prime factors of 35987?
7, 53, 97
What are the prime factors of 82082?
2, 7, 11, 13, 41
List the prime factors of 275007.
3, 29, 109
What are the prime factors of 13194407?
863, 15289
What are the prime factors of 18574378?
2, 61, 152249
What are the prime factors of 1723993?
83, 20771
List the prime factors of 544999.
7, 13, 53, 113
List the prime factors of 265096.
2, 13, 2549
List the prime factors of 8099170.
2, 5, 809917
What are the prime factors of 5848396?
2, 1462099
What are the prime factors of 3563410?
2, 5, 43, 8287
What are the prime factors of 2030904?
2, 3, 67, 421
What are the prime factors of 4246425?
3, 5, 233
List the prime factors of 1343346.
2, 3, 73, 3067
List the prime factors of 5670990.
2, 3, 5, 13, 37, 131
List the prime factors of 769890.
2, 3, 5, 11, 2333
List the prime factors of 2007602.
2, 283, 3547
What are the prime factors of 2091578?
2, 17, 227, 271
What are the prime factors of 489664?
2, 7, 1093
What are the prime factors of 1587688?
2, 198461
What are the prime factors of 13686647?
13, 1052819
What are the prime factors of 17226077?
11, 307, 5101
What are the prime factors of 206713?
13, 15901
What are the prime factors of 39590437?
39590437
What are the prime factors of 19489050?
2, 3, 5, 7, 23, 269
What are the prime factors of 25172189?
7, 17, 23, 541
What are the prime factors of 5339134?
2, 491, 5437
What are the prime factors of 43340?
2, 5, 11, 197
What are the prime factors of 97374?
2, 3, 16229
List the prime factors of 21923173.
21923173
List the prime factors of 204691.
107, 1913
What are the prime factors of 4136988?
2, 3, 344749
List the prime factors of 85158.
2, 3, 19, 83
List the prime factors of 834344.
2, 7, 47, 317
List the prime factors of 8230458.
2, 3, 19, 23, 43, 73
What are the prime factors of 1735338?
2, 3, 11, 26293
List the prime factors of 887070.
2, 3, 5, 29569
What are the prime factors of 21566985?
3, 5, 11, 23, 5683
List the prime factors of 599397.
3, 